 237?
70
Calculate the remainder when 3819413 is divided by 893.
52
What is the remainder when 89561450 is divided by 526?
482
What is the remainder when 201606 is divided by 3379?
2245
What is the remainder when 30417183 is divided by 2008?
2007
What is the remainder when 350260 is divided by 254?
248
Calculate the remainder when 22126016 is divided by 14.
10
Calculate the remainder when 35848013 is divided by 35.
33
Calculate the remainder when 786250 is divided by 196549.
54
What is the remainder when 66411527 is divided by 966?
959
What is the remainder when 339860 is divided by 1504?
1460
What is the remainder when 269176898 is divided by 42?
32
Calculate the remainder when 2042529 is divided by 6741.
6
What is the remainder when 15950719 is divided by 379779?
1
Calculate the remainder when 15238011 is divided by 1523800.
11
Calculate the remainder when 172771 is divided by 5433.
4348
What is the remainder when 68073 is divided by 2537?
2111
Calculate the remainder when 186280 is divided by 36940.
1580
What is the remainder when 975739 is divided by 4878?
139
Calculate the remainder when 1441224 is divided by 1575.
99
Calculate the remainder when 4606813 is divided by 882.
127
What is the remainder when 21469973 is divided by 1951815?
8
Calculate the remainder when 7429382 is divided by 490.
2
What is the remainder when 1314036 is divided by 442?
412
Calculate the remainder when 1274610 is divided by 161.
134
What is the remainder when 41188 is divided by 687?
655
Calculate the remainder when 332818 is divided by 4435.
193
Calculate the remainder when 7046091 is divided by 1157.
1118
Calculate the remainder when 14463986 is divided by 2845.
6
Calculate the remainder when 663699 is divided by 330469.
2761
What is the remainder when 968199 is divided by 193581?
294
Calculate the remainder when 5105258 is divided by 2211.
59
What is the remainder when 1585337 is divided by 56?
33
What is the remainder when 17202340 is divided by 2319?
2317
What is the remainder when 116361 is divided by 239?
207
Calculate the remainder when 1207711 is divided by 154.
43
Calculate the remainder when 4394867 is divided by 4271.
8
What is the remainder when 1541033 is divided by 89?
87
Calculate the remainder when 17649885 is divided by 2278.
2219
Calculate the remainder when 57437344 is divided by 9815.
9779
Calculate the remainder when 321677 is divided by 16076.
157
Calculate the remainder when 1757435 is divided by 252.
239
What is the remainder when 1882737 is divided by 898?
529
Calculate the remainder when 15759 is divided by 660.
579
Calculate the remainder when 12995048 is divided by 1856422.
94
What is the remainder when 7972 is divided by 3822?
328
What is the remainder when 1109447 is divided by 18?
17
Calculate the remainder when 3051049 is divided by 1525509.
31
What is the remainder when 2269337 is divided by 44?
37
What is the remainder when 866445 is divided by 72?
69
Calculate the remainder when 135156 is divided by 12987.
5286
Calculate the remainder when 35829 is divided by 5948.
141
Calculate the remainder when 1074238 is divided by 11428.
6
What is the remainder when 25936 is divided by 3768?
3328
What is the remainder when 1729079 is divided by 581?
23
Calculate the remainder when 307631 is divided by 153787.
57
Calculate the remainder when 10205775 is divided by 875.
650
What is the remainder when 3390116 is divided by 1694877?
362
Calculate the remainder when 314402 is divided by 166.
164
Calculate the remainder when 37774790 is divided by 90.
80
What is the remainder when 73359 is divided by 24452?
3
Calculate the remainder when 5693567 is divided by 844.
787
Calculate the remainder when 110736 is divided by 667.
14
Calculate the remainder when 975713 is divided by 12.
5
What is the remainder when 102182 is divided by 6117?
4310
Calculate the remainder when 47669981 is divided by 271.
268
Calculate the remainder when 33747018 is divided by 6460.
6438
Calculate the remainder when 858510 is divided by 2231.
1806
Calculate the remainder when 1789572 is divided by 835.
167
What is the remainder when 437255 is divided by 4606?
4291
Calculate the remainder when 77969852 is divided by 121.
114
Calculate the remainder when 6459809 is divided by 12.
5
What is the remainder when 371760 is divided by 676?
636
Calculate the remainder when 468372 is divided by 467684.
688
What is the remainder when 197446019 is divided by 4728?
11
What is the remainder when 42679 is divided by 4650?
829
What is the remainder when 1798605 is divided by 33307?
27
What is the remainder when 5237618 is divided by 1745490?
1148
What is the remainder when 31159 is divided by 31065?
94
Calculate the remainder when 36180 is divided by 2094.
582
Calculate the remainder when 316889075 is divided by 187.
184
Calculate the remainder when 905137 is divided by 2253.
1684
What is the remainder when 15831 is divided by 742?
249
What is the remainder when 1065067 is divided by 80?
27
What is the remainder when 56575 is divided by 17491?
4102
Calculate the remainder when 21236459 is divided by 634.
629
What is the remainder when 3191320 is divided by 123?
85
What is the remainder when 4179179 is divided by 270?
119
Calculate the remainder when 74033 is divided by 423.
8
Calculate the remainder when 4545114 is divided by 78359.
292
What is the remainder when 689251 is divided by 63?
31
What is the remainder when 44600235 is divided by 116?
91
What is the remainder when 5044 is divided by 4334?
710
Calculate the remainder when 796354 is divided by 12060.
394
What is the remainder when 37896 is divided by 18393?
1110
What is the remainder when 55743314 is divided by 12050?
14
What is the remainder when 92759855 is divided by 5383?
5382
What is the remainder when 4109946 is divided by 312?
282
What is the remainder when 403648543 is divided by 272?
271
What is the remainder when 6502661 is divided by 92895?
11
Calculate the remainder when 499842 is divided by 259.
231
Calculate the remainder when 89629362 is divided by 5092.
5070
Calculate the remainder when 538463 is divided by 101.
32
What is the remainder when 46928666 is divided by 499241?
12
Calculate the remainder when 678876 is divided by 12337.
341
Calculate the remainder when 66562 is divided by 13475.
12662
Calculate the remainder when 15881296 is divided by 470.
466
Calculate the remainder when 28641812 is divided by 5930.
5842
Calculate the remainder when 840121 is divided by 186.
145
What is the remainder when 35758014 is divided by 112?
110
Calculate the remainder when 2335689 is divided by 2.
1
What is the remainder when 120586863 is divided by 1272?
1263
What is the remainder when 1263069 is divided by 392?
45
What is the remainder when 504872 is divided by 3734?
782
Calculate the remainder when 2010992 is divided by 2495.
22
What is the remainder when 318693 is divided by 2921?
304
What is the remainder when 3192604 is divided by 8?
4
What is the remainder when 822653 is divided by 384?
125
What is the remainder when 289160 is divided by 101?
98
Calculate the remainder when 23883309 is divided by 243707.
23
What is the remainder when 38963 is divided by 16637?
5689
Calculate the remainder when 254844505 is divided by 52.
45
What is the remainder when 647053 is divided by 69?
40
What is the remainder when 1216259 is divided by 69?
65
What is the remainder when 2851947 is divided by 36?
27
What is the remainder when 43935966 is divided by 21967983?
0
Calculate the remainder when 132935 is divided by 7293.
1661
What is the remainder when 5681729 is divided by 88777?
1
Calculate the remainder when 12724599 is divided by 3181113.
147
What is the remainder when 8101155 is divided by 566?
563
Calculate the remainder when 35674 is divided by 702.
574
Calculate the remainder when 3837700 is divided by 295196.
152
What is the remainder when 62988 is divided by 750?
738
What is the remainder when 1192191 is divided by 596074?
43
What is the remainder when 2858473 is divided by 55?
13
What is the remainder when 3756365 is divided by 366?
107
Calculate the remainder when 11299253 is divided by 471.
434
What is the remainder when 34927 is divided by 8646?
343
Calculate the remainder when 341154 is divided by 223.
187
Calculate t